{"id":73,"date":"2014-09-29T16:42:04","date_gmt":"2014-09-29T14:42:04","guid":{"rendered":"http:\/\/www.backebolsakeri.se\/?page_id=73"},"modified":"2014-10-03T23:15:59","modified_gmt":"2014-10-03T21:15:59","slug":"today","status":"publish","type":"page","link":"https:\/\/www.backebolsakeri.se\/?page_id=73","title":{"rendered":"&#8221;Today&#8221;"},"content":{"rendered":"<h2>Fr\u00e5n kund till kund p\u00e5 samma dag!<\/h2>\n<p class=\"brtxtfet\"><strong><img loading=\"lazy\" decoding=\"async\" class=\"alignright size-full wp-image-75\" style=\"border: 0px;\" src=\"http:\/\/www.backebolsakeri.se\/wp-content\/uploads\/2014\/09\/pa_dagen3.jpg\" alt=\"P\u00e5 dagen\" width=\"456\" height=\"303\" srcset=\"https:\/\/www.backebolsakeri.se\/wp-content\/uploads\/2014\/09\/pa_dagen3.jpg 456w, https:\/\/www.backebolsakeri.se\/wp-content\/uploads\/2014\/09\/pa_dagen3-300x199.jpg 300w\" sizes=\"auto, (max-width: 456px) 100vw, 456px\" \/>En transporttj\u00e4nst med stor framtidspotentional \u00e4r v\u00e5r tidsm\u00e4ssigt exakt styrda &#8221;sammadagstrafik&#8221;.<\/strong><\/p>\n<p>En hantverkare i V\u00e4nersborg kan exempelvis ringa in en best\u00e4llning p\u00e5 f\u00f6rmiddagen och f\u00e5 varorna fr\u00e5n G\u00f6teborg eller Bor\u00e5s s\u00e4kert levererade p\u00e5 eftermiddagen samma dag.<\/p>\n<p>Med Schenkers terminal i Hisings Backa som omlastningsnav, kan vi erbjuda denna tj\u00e4nst inom G\u00f6teborgsomr\u00e5det och till och fr\u00e5n Alings\u00e5s, Bor\u00e5s, V\u00e4nersborg, Trollh\u00e4ttan och Uddevalla.<\/p>\n<p>&nbsp;<\/p>\n<!-- AddThis Advanced Settings generic via filter on the_content --><!-- AddThis Share Buttons generic via filter on the_content -->","protected":false},"excerpt":{"rendered":"<p>Fr\u00e5n kund till kund p\u00e5 samma dag! En transporttj\u00e4nst med stor framtidspotentional \u00e4r v\u00e5r tidsm\u00e4ssigt exakt styrda &#8221;sammadagstrafik&#8221;. En hantverkare i V\u00e4nersborg kan exempelvis ringa in en best\u00e4llning p\u00e5 f\u00f6rmiddagen och f\u00e5 varorna fr\u00e5n G\u00f6teborg eller Bor\u00e5s s\u00e4kert levererade p\u00e5 eftermiddagen samma dag. Med Schenkers terminal i Hisings Backa som omlastningsnav, kan vi erbjuda denna [&hellip;]<!-- AddThis Advanced Settings generic via filter on wp_trim_excerpt --><!-- AddThis Share Buttons generic via filter on wp_trim_excerpt --><\/p>\n","protected":false},"author":3,"featured_media":0,"parent":0,"menu_order":0,"comment_status":"closed","ping_status":"open","template":"","meta":{"footnotes":""},"class_list":["post-73","page","type-page","status-publish","hentry"],"_links":{"self":[{"href":"https:\/\/www.backebolsakeri.se\/index.php?rest_route=\/wp\/v2\/pages\/73","targetHints":{"allow":["GET"]}}],"collection":[{"href":"https:\/\/www.backebolsakeri.se\/index.php?rest_route=\/wp\/v2\/pages"}],"about":[{"href":"https:\/\/www.backebolsakeri.se\/index.php?rest_route=\/wp\/v2\/types\/page"}],"author":[{"embeddable":true,"href":"https:\/\/www.backebolsakeri.se\/index.php?rest_route=\/wp\/v2\/users\/3"}],"replies":[{"embeddable":true,"href":"https:\/\/www.backebolsakeri.se\/index.php?rest_route=%2Fwp%2Fv2%2Fcomments&post=73"}],"version-history":[{"count":5,"href":"https:\/\/www.backebolsakeri.se\/index.php?rest_route=\/wp\/v2\/pages\/73\/revisions"}],"predecessor-version":[{"id":99,"href":"https:\/\/www.backebolsakeri.se\/index.php?rest_route=\/wp\/v2\/pages\/73\/revisions\/99"}],"wp:attachment":[{"href":"https:\/\/www.backebolsakeri.se\/index.php?rest_route=%2Fwp%2Fv2%2Fmedia&parent=73"}],"curies":[{"name":"wp","href":"https:\/\/api.w.org\/{rel}","templated":true}]}}